7 and 104.
13
Calculate the highest common divisor of 87956 and 33.
11
What is the greatest common divisor of 20775 and 225?
75
What is the greatest common divisor of 59 and 2468147?
59
Calculate the highest common divisor of 148559 and 53.
53
Calculate the greatest common factor of 1155 and 176.
11
What is the greatest common divisor of 38223 and 29181?
411
Calculate the highest common factor of 714 and 1887.
51
Calculate the greatest common factor of 3707 and 176.
11
Calculate the greatest common divisor of 1179 and 634040.
131
What is the greatest common divisor of 6895 and 19897?
197
Calculate the highest common factor of 31 and 922529.
31
What is the highest common factor of 1662 and 245422?
554
Calculate the greatest common divisor of 1575008 and 16.
16
Calculate the highest common factor of 663252 and 2280.
228
Calculate the greatest common factor of 6 and 60906.
6
What is the greatest common factor of 176656 and 11712?
976
Calculate the greatest common factor of 82544 and 784.
112
Calculate the greatest common factor of 1554 and 11322.
222
What is the highest common factor of 2 and 61?
1
What is the greatest common factor of 1471076 and 244?
244
Calculate the greatest common divisor of 767 and 90961.
13
What is the greatest common divisor of 12662 and 371094?
974
What is the greatest common factor of 15 and 76170?
15
Calculate the greatest common divisor of 286077 and 22.
11
What is the greatest common factor of 311067 and 82?
41
Calculate the highest common factor of 2240 and 10220.
140
What is the highest common divisor of 648855 and 15?
15
What is the highest common divisor of 848 and 1431?
53
Calculate the highest common divisor of 183253 and 329.
329
What is the greatest common divisor of 10222 and 25840?
38
What is the greatest common factor of 114021 and 902?
41
What is the highest common divisor of 37398 and 5175?
69
Calculate the highest common divisor of 27383 and 1970.
197
Calculate the greatest common divisor of 1133051 and 1084.
271
What is the greatest common factor of 9729 and 1175047?
1081
Calculate the greatest common factor of 74266 and 639.
71
Calculate the greatest common factor of 56 and 43442.
14
What is the greatest common divisor of 1134 and 7868826?
1134
What is the highest common divisor of 33 and 1217601?
33
What is the greatest common divisor of 564300 and 225?
225
What is the greatest common factor of 446 and 998817?
223
Calculate the greatest common factor of 5086 and 6.
2
What is the greatest common divisor of 22 and 10287926?
22
Calculate the greatest common divisor of 39201 and 9487.
179
Calculate the greatest common factor of 11248 and 31635.
703
Calculate the greatest common factor of 1062 and 774.
18
What is the greatest common factor of 16 and 1110064?
16
Calculate the highest common divisor of 97585 and 290.
145
What is the highest common divisor of 164 and 424924?
164
Calculate the greatest common divisor of 3495852 and 108.
108
Calculate the greatest common factor of 256 and 51008.
64
Calculate the highest common factor of 1134635 and 745.
745
Calculate the highest common divisor of 9072 and 280.
56
Calculate the greatest common factor of 142650 and 100.
50
What is the highest common factor of 666128 and 2992?
272
Calculate the greatest common divisor of 91 and 2863.
7
Calculate the highest common factor of 7 and 790489.
7
Calculate the greatest common divisor of 19270 and 1886.
82
Calculate the greatest common factor of 1686 and 6.
6
Calculate the greatest common divisor of 690 and 126822.
138
Calculate the greatest common divisor of 101546 and 4.
2
What is the highest common factor of 17100 and 494?
38
Calculate the highest common divisor of 47835 and 555.
15
Calculate the greatest common factor of 10092 and 60.
12
Calculate the highest common factor of 426874 and 7.
7
What is the greatest common divisor of 54 and 146502?
54
What is the greatest common factor of 152 and 10699204?
76
Calculate the greatest common factor of 40311 and 729.
27
Calculate the greatest common divisor of 392 and 611716.
196
What is the highest common divisor of 1600 and 364825?
25
What is the highest common factor of 22957 and 934976?
2087
What is the highest common divisor of 3087891 and 522?
261
Calculate the highest common divisor of 36080 and 6.
2
Calculate the highest common divisor of 155 and 417920.
5
Calculate the greatest common factor of 1576 and 16154.
394
What is the greatest common factor of 91 and 22087?
13
What is the greatest common divisor of 88288 and 62?
62
Calculate the highest common factor of 8920 and 1480.
40
What is the greatest common factor of 6331 and 52?
13
Calculate the highest common factor of 121952 and 22496.
1184
Calculate the highest common divisor of 19894 and 35672.
686
What is the greatest common factor of 99781 and 7913?
193
Calculate the highest common factor of 14 and 1310.
2
What is the greatest common factor of 13813192 and 2344?
2344
What is the highest common factor of 719811 and 225?
9
Calculate the highest common factor of 613224 and 432.
216
Calculate the greatest common factor of 11324 and 91188.
596
What is the greatest common divisor of 196 and 1652?
28
What is the greatest common divisor of 344 and 7016?
8
What is the greatest common factor of 12662 and 234?
26
Calculate the greatest common divisor of 173628 and 117.
117
Calculate the highest common factor of 49471 and 85966.
811
What is the greatest common factor of 2 and 5860?
2
What is the greatest common divisor of 89315 and 10?
5
What is the highest common factor of 582 and 126354?
6
Calculate the greatest common factor of 7270 and 90.
10
Calculate the greatest common divisor of 271395 and 481.
37
Calculate the highest common divisor of 9627 and 24.
3
Calculate the greatest common divisor of 98304 and 12.
12
What is the highest common factor of 7654 and 3096?
86
What is the highest common factor of 1093858 and 502?
502
What is the greatest common divisor of 115 and 320735?
115
What is the greatest common divisor of 325074 and 102?
102
What is the highest common divisor of 575178 and 68?
34
What is the greatest common factor of 119238 and 4342?
334
What is the highest common factor of 64635 and 570?
15
Calculate the greatest common divisor of 720 and 98160.
240
Calculate the greatest common divisor of 4900 and 868.
28
Calculate the greatest common divisor of 11446 and 31816.
194
Calculate the greatest common divisor of 61287 and 1.
1
Calculate the highest common divisor of 170 and 1525240.
170
Calculate the greatest common factor of 224507 and 2435.
487
What is the greatest common factor of 71 and 2035357?
71
Calculate the highest common divisor of 957456 and 18.
18
What is the highest common factor of 222 and 1403706?
222
Calculate the highest common divisor of 156 and 109551.
39
What is the greatest common divisor of 54 and 777978?
54
What is the greatest common divisor of 5300 and 700?
100
Calculate the highest common factor of 67969 and 74.
37
Calculate the highest common divisor of 499645 and 10.
5
Calculate the greatest common divisor of 1681 and 32690407.
1681
Calculate the greatest common factor of 932 and 315482.
466
What is the highest common divisor of 736 and 56352?
32
What is the highest common divisor of 13692 and 384?
12
What is the greatest common factor of 26908 and 154?
14
Calculate the highest common divisor of 476 and 4.
4
Calculate the highest common factor of 53268 and 1196.
92
What is the greatest common factor of 212 and 40333?
53
Calculate the greatest common factor of 365698 and 166.
166
Calculate the greatest common divisor of 2100 and 479500.
700
What is the highest common factor of 1110 and 861915?
555
What is the highest common divisor of 1886417 and 13?
13
Calculate the highest common divisor of 976169 and 533.
41
Calculate the greatest common factor of 738717 and 609.
609
Calculate the greatest common factor of 242 and 13574.
22
Calculate the greatest common divisor of 2860 and 13222.
22
What is the highest common factor of 52 and 168337?
13
What is the highest common factor of 266 and 194950?
14
Calculate the highest common divisor of 134 and 4521026.
134
Calculate the highest common divisor of 206438 and 466.
466
Calculate the greatest common factor of 8460 and 960.
60
Calcula